11
Suppose -1892 = -2*u - 5*l + 1375, -1632 = -u - 3*l. List the prime factors of u.
3, 547
Let s(k) = -k**2 + 4. Let n be s(-4). Let z(u) = u**3 + 10*u**2 + 6*u. Let o be z(-9). Let f = n + o. What are the prime factors of f?
3, 5
Suppose 3*r = 4*r - 207. Suppose 4*g - g = r. Let d = g - 33. What are the prime factors of d?
2, 3
Let h(i) = i + 5. Suppose 5*l - 7 = 8. Suppose -t = -2*z + 21, l*t + 3 + 10 = z. List the prime factors of h(z).
3, 5
Suppose 4*j + 0*j = 28. Suppose 0 = 4*m + j - 55. What are the prime factors of ((-20)/m)/(1/(-15))?
5
Let z(o) = -o**3 - 8*o**2 - 8*o - 8. Let d be z(-7). Let y(n) = -n**2 - 2*n - 1. Let j be y(d). Suppose j = -4*l - l + 130. What are the prime factors of l?
2, 13
What are the prime factors of (24/36)/(8/18876)?
11, 13
Let y = 96 + 167. Let i = y + -117. List the prime factors of i.
2, 73
Suppose -3*f + 161 = -g, -3*g = 4*f - 6*g - 218. List the prime factors of f.
53
Let b(l) = l**2 - 32*l - 15. Let u be b(20). What are the prime factors of (u/34)/((-1)/36)?
2, 3, 5
Suppose -5*t = -2*r + 15, 5*r - 2*t - 8 = -2. Suppose -i - 4 + 14 = r. Let w = i - -12. List the prime factors of w.
2, 11
Let b = 88 - 78. Let y(a) = a**2 + 4. List the prime factors of y(b).
2, 13
Let g = 6064 - 3079. What are the prime factors of g?
3, 5, 199
What are the prime factors of (2169/11 - 0) + (-14)/77?
197
Suppose 0*k + 4*q - 44 = -4*k, 1 = -4*k + 5*q. Suppose -k = -3*a, s + 0 + 2 = 2*a. Let d(t) = 19*t - 2. List the prime factors of d(s).
2, 3
Suppose 0 = 17*m + 2973 - 8923. List the prime factors of m.
2, 5, 7
Suppose 0 = -3*s + s + 8. Let a(c) = -3 - 6*c - 2*c**2 - 2 + 5*c**2 + s*c. What are the prime factors of a(4)?
5, 7
Let c = 770 + -197. List the prime factors of c.
3, 191
Let o(f) = f**2 + 4*f - 2. Let z be o(4). Let a be ((-20)/6)/(6/(-9)). Suppose 5*m + 11 = a*b - 99, b = -3*m + z. What are the prime factors of b?
2, 3
What are the prime factors of ((-224)/3)/((-140)/(-36) + -4)?
2, 3, 7
Let j = -436 - -787. What are the prime factors of j?
3, 13
Suppose 8*d = 5*p + 3*d, -9 = -3*d. Suppose p*u = 2*u + 18. What are the prime factors of u?
2, 3
Let d = 11 - -4. Let i = 7 - d. What are the prime factors of i/(-6)*(-21)/(-1)?
2, 7
What are the prime factors of (-12)/(-9)*990/22?
2, 3, 5
Let m(z) = -10*z - 5*z**2 + 4*z**2 + 9 - 21. Let f be m(-8). What are the prime factors of 1 - 1/(f/(-12))?
2
What are the prime factors of (-34086)/(-52) + 1/2?
2, 41
Let q(o) = 2 + 2 - 11*o - o**2 + 1 - 1. List the prime factors of q(-7).
2
Let o(u) = -8*u**2 - u + 2. Let r be o(3). List the prime factors of (r/2)/((-9)/18).
73
Suppose 4*m = -3*j + 124, 5*j + 4*m = 102 + 118. Let g = 114 - j. What are the prime factors of g?
2, 3, 11
Let s(z) = -3*z**3 - 5*z**2 - 8*z - 2. Suppose 4*j + 27 = 3*g + 2*g, -g = 2*j + 3. What are the prime factors of s(j)?
2, 29
Let q(x) = x**3 + 23*x**2 + 12*x - 48. List the prime factors of q(-21).
2, 3, 97
Suppose -c = -4*c. Suppose k = -3*s - 5, 2*k + 4*s + 4 = -c*k. Suppose -217 = -4*o + 3*m, -o = -3*o - k*m + 92. List the prime factors of o.
2, 13
Suppose 3*v - 3*c = 285, v - c = -2*c + 87. List the prime factors of v.
7, 13
Let b(s) = -3*s - 9. Let c be b(-4). Suppose 0 = -5*r - c + 28. Suppose -5*i - 155 = -5*u, u - 17 - 2 = -r*i. What are the prime factors of u?
29
Suppose -2*l - 89 = -1. List the prime factors of (-1)/(4/l)*3.
3, 11
Let h(j) be the second derivative of j**7/840 - j**6/360 + j**5/60 - j**4/4 - 6*j. Let c(s) be the third derivative of h(s). What are the prime factors of c(2)?
2, 5
Suppose -4*o = -2*o + 6. Let j = -197 + 201. List the prime factors of o + (192/4)/j.
3
Let n(v) = -49*v + 238. What are the prime factors of n(-18)?
2, 5, 7
Let h = -2152 - -4168. List the prime factors of h.
2, 3, 7
Let y(f) = 3*f**2 + f + 5. Suppose -4 - 2 = -v. List the prime factors of y(v).
7, 17
Suppose z + 0*z - 90 = 0. Let t = -81 + z. What are the prime factors of t?
3
Suppose 5*p - b - 194 = 0, 2*p + 4*b + 0*b - 82 = 0. What are the prime factors of p?
3, 13
Let s(q) = -130*q - 186. List the prime factors of s(-7).
2, 181
Suppose 0 = -2*u + 8, -4*h + 5*u = -2*h + 20. Suppose -3*i - 4*k = -561, h*k = -2*k. What are the prime factors of i?
11, 17
Suppose -4*r = 6*r + 1000. Let b = 169 + r. List the prime factors of b.
3, 23
Let j be (-529)/(-9) + 14/63. Suppose -4*w + 53 = -j. What are the prime factors of w?
2, 7
Let d be (-5)/2*(3 - -5)*-1. Suppose -2787 - 2133 = -d*m. List the prime factors of m.
2, 3, 41
Let q = 17 + -55. Let l = 85 + q. List the prime factors of l.
47
Suppose -3*b - 45 = 18. Let a = 78 + -33. Let t = b + a. What are the prime factors of t?
2, 3
Let j = 24 + -6. List the prime factors of 4*33/j*(-6)/(-4).
11
Let n(t) = 3*t**3 - 13*t**2 + 10*t + 36. List the prime factors of n(8).
2, 5, 41
Let f be (24/36)/((-2)/(-6)). Suppose -14 = -f*a + 54. What are the prime factors of a?
2, 17
Suppose -3 + 1 = -v, 23 = 5*s - v. Let m = -102 - -218. Suppose s*d - m = 69. What are the prime factors of d?
37
Let r(p) = -3*p**2 + 2*p - 6. Let c be r(-5). Let y = c + 170. What are the prime factors of y?
79
Let c(o) = 79*o - 9. Let t be c(2). Let r = 20 + t. What are the prime factors of r?
13
Let m(p) = 0*p - 5*p - 1 + 3*p**2 + 7. Let z be m(6). Suppose -3*a - a = -z. List the prime factors of a.
3, 7
Suppose -973 = 4*s - 3*z - 3253, 2*s - 1146 = 3*z. List the prime factors of s.
3, 7
Let c(z) be the first derivative of 4*z**3/3 - 2*z + 1. Let p be ((-36)/6)/(-12) + (-5)/(-2). What are the prime factors of c(p)?
2, 17
Suppose 3*w = 5*j + 3, 3*j + 2 - 13 = 5*w. Let i(o) be the first derivative of -o**4/4 + 3*o**2 + 5*o - 34. List the prime factors of i(w).
3, 5
Suppose -2*c + k + k = -108, 0 = -3*k. Suppose -w = 17 - c. What are the prime factors of w?
37
Let t = -413 + 2548. List the prime factors of t.
5, 7, 61
Let v(d) = d**2 + d + 3. Suppose 0 = -5*w - 4*m - 10, 19 = 3*m + 4. List the prime factors of v(w).
3, 11
Let d(w) = -w - 6. Let c be d(-16). Let k(z) = 3*z**2 - 24*z + 12. What are the prime factors of k(c)?
2, 3
Let a(f) = -f + 1. Let h(i) = -6*i - 2. Let w(c) = -5*a(c) + h(c). Let y be w(-9). Suppose 0*r + 8 = y*r. What are the prime factors of r?
2
List the prime factors of (-21112)/(-44) - 10/(-55).
2, 3, 5
Suppose 3*u - 12 = n, 2*n + 9 = 2*u + u. Suppose 5*t = 7 + n. What are the prime factors of t?
2
Let i be -6*1*(-32)/48. Let y(k) = -3*k - 2*k + 10 - i*k + 3*k. List the prime factors of y(-6).
2, 23
Suppose -46 = -6*n + 20. Let h(q) = -17 + n + q - 6*q**3 - q**2 + 6. List the prime factors of h(-2).
2, 3, 7
Suppose 2*b + 3*z - 2190 = 7*z, -2*b - 4*z + 2158 = 0. What are the prime factors of b?
1087
What are the prime factors of (-8)/(-14) - ((-7152)/28 - 8)?
2, 3, 11
Let i(p) = 3*p + 12. Let d be i(0). Suppose -255 = 17*h - d*h. Let k = h - -120. What are the prime factors of k?
3, 23
Suppose -2*d - 2*k - 22368 = 0, -3*k + 8*k = 0. What are the prime factors of (d/120)/(4/(-10))?
233
List the prime factors of 1631 + 54 + (-1 - 0).
2, 421
Suppose 0 = -21*c + 10*c + 2057. What are the prime factors of c?
11, 17
Let w(k) = -k + 5. Let y be w(4). Let b be y/4 + (-15)/(-4). Let v = 4 + b. List the prime factors of v.
2
Suppose -2*k = -68 - 16. List the prime factors of k.
2, 3, 7
Let m(c) = 1091*c + 209. List the prime factors of m(3).
2, 1741
Let x = 1250 - 671. What are the prime factors of x?
3, 193
Let a(b) = -b**3 + 4*b**2 + 4*b - 20. Let r be a(7). Let x = r - -194. List the prime factors of x.
5, 11
Let l be -5 - (-4)/4 - 2. Let h be ((-2)/l)/(8/(-216)). List the prime factors of (-150)/h*(-18)/(-15).
2, 5
Let j(z) = -932*z - 215. List the prime factors of j(-5).
5, 7, 127
Suppose 0 = -2*h + 5*w + 508, w = 2*h - 2*w - 504. Let t = h + -114. What are the prime factors of t?
3, 5
Let y = -7 + 5. Let v be 5*(1 - (y - -2)). Suppose 5*f = v*h + 180, -h + 46 = f - 0*h. What are the prime factors of f?
41
Suppose -4*i - 34 = -5*v, -2*v + 2*i + 0 + 14 = 0. Suppose 7*k = v*k + 4. Suppose g - 25 = -4*g, k*g = -4*r + 28. What are the prime factors of r?
2
Let p(q) = q**2 - 52*q + 2108. What are the prime factors of p(0)?
2, 17, 31
Let t(o) = o**3 - 17*o**2 + 28*o + 121. What are the prime factors of t(20)?
3, 11, 19
Suppose 10 = -5*z, -5*z = -4*d - z + 68. Let g = d - -34. What 